ate -4 + ((-8 - -4) + 3 - -3).
-2
9 + 7 + 2 - 10
8
Calculate (-3 - -1) + 21 - (148 + -136).
7
What is (31 + -17 - 10) + -5?
-1
-1 + 4 + -28 + 28 - (-29 + 34)
-2
What is -3 - -36 - (1 + 12) - 6?
14
Evaluate -22 + (-2 + 20 - 7) - 0.
-11
What is (4 - 13) + -6 + (12 + 1 - 2)?
-4
Evaluate 0 - -7 - (-18 - -30) - (24 + 0).
-29
-2 - (-3 + (-3 + (2 - 1) - -3))
0
Evaluate -1 - -17 - (21 - 16) - 7 - 0.
4
8 - (10 + 15) - (1 + -9)
-9
Evaluate 0 - 2 - -12 - (-13 + 23).
0
Calculate -13 + 7 - (11 + -1 + -3).
-13
Calculate 13 - 15 - 5 - (1 - 8).
0
Evaluate (1 - 22) + (34 - 12).
1
Evaluate (20 - 0) + -408 + 403.
15
Evaluate (-42 + 23 - (3 + -17)) + 5.
0
(10 - 7) + -8 - -22 - 0
17
Evaluate -6 - (6 - (14 + -4)) - 0.
-2
What is 4 + -1 + (86 - 86)?
3
What is 5 - (9 + -5 - ((1 - 6) + -6))?
-10
Calculate -137 - -135 - (5 - 1).
-6
Evaluate 3 + -8 - (-15 - ((-17 - -5) + -7)).
-9
Calculate 9 + -24 + 25 + 10.
20
Calculate -7 + 11 + 0 + 12.
16
-4 - (-4 + (12 - (9 + -7)) - 8)
-2
Evaluate (378 - 383) + -1 + -1.
-7
What is 85 - 98 - ((-1 - 2) + 5)?
-15
Evaluate -2 + -18 - (2 - 13 - -1).
-10
Evaluate -43 + (36 - (-3 + -7)).
3
What is the value of -1 + 22 + (17 + 2 - 23)?
17
Calculate 11 - ((-3 - 3) + 8) - (-2 + -1).
12
What is the value of 15 + (22 - (14 + 18))?
5
What is -39 + -2 - (-13 - (-3 + -18) - 17)?
-32
What is 3 + -1 + 1 + -33 - -11?
-19
Evaluate -20 + (59 - (-16 + 31)).
24
Evaluate 1 - (-1 - 4) - (-415 - -438).
-17
-4 + -7 + 13 - 12
-10
21 + (16 - -6) + -56
-13
(0 - -4) + (15 - 24 - -6)
1
What is -10 - (-1 - -1 - (31 + (28 - 39)))?
10
Calculate (3 - 6 - -6) + (4 - 9) - -16.
14
Calculate -1 - -14 - (-67 - (25 - 107)).
-2
Evaluate 18 + (-1 - -1 - 1) + (263 - 256).
24
Evaluate 60 + -47 + 25 + -10 + 0.
28
Calculate 55 - 31 - 40 - (1 + -8 + 2).
-11
What is 2 + (3 - (3 + 0)) + (-11 - 11)?
-20
What is the value of -23 + 9 - (2 - 6 - (20 - 26))?
-16
What is the value of -34 + (24 + -6 - 1)?
-17
Calculate (1 - -16 - 4 - 53) + 8.
-32
Calculate -11 - (-6 + -5 + (-24 - 4)).
28
Evaluate 32 - (2 + 13 + -9 + -17 + 12).
31
What is -20 + (-22 - (-29 + 12))?
-25
Calculate (0 - (7 - (-1 - -9))) + (13 - 2).
12
What is the value of -6 + -1 - (6 - -1 - 11)?
-3
What is -7 + (-2 - -13) + 3 + (-4 - -1)?
4
What is the value of 7 + (-16 + 7 - -7 - 5)?
0
What is (-8 - -13) + -3 + 6 + (-3 - 4)?
1
Evaluate 1 + -18 + -5 + 6.
-16
What is the value of -1 + (3 + 2 + -11 - -10)?
3
Calculate 1 - 0 - ((14 - -3 - 1) + -4).
-11
Calculate -8 + -3 + -6 + 18.
1
Evaluate -3 - 4 - (-38 + 36).
-5
What is -11 + (-1 - (-32 - -13))?
7
-13 + 18 + (5 - -4) - (3 - 1)
12
-6 - (69 + -69 - (-2 + 4 + -3))
-7
What is the value of -12 - (6 + (-29 + 13 - (1 + -6)))?
-7
What is the value of -31 - (-9 + 5) - (25 + -28)?
-24
3 + (3 - (-26 + 4)) + (-16 - -14)
26
4 + (24 - 19) + (2 - 8)
3
-9 + (-2 - -2 - -1) - (-46 - -38)
0
What is the value of 35 - 29 - (-1 + -4 + 1 + 1)?
9
Calculate -7 - -10 - (1 + -4 + -3).
9
What is (11 - -17 - 30) + (4 - (5 + -1))?
-2
Evaluate -6 - 6 - (-14 - -2).
0
(-61 - -61) + -13 + 0
-13
Evaluate (1 - (9 + 0 - 8)) + -1 + 28.
27
What is the value of 384 + -392 - (0 - (-2 - -2))?
-8
What is (22 - 11 - -5) + (-1 - 1) - 0?
14
What is the value of -2 - ((2 - (10 - 5) - -6) + -5)?
0
-4 + (12 - (-15 - -24))
-1
Evaluate (-22 + 39 - (12 - 0)) + (-2 - -18).
21
What is (0 - (8 + -7) - 8) + -3 + 1?
-11
Evaluate 1 - (-2 - ((7 - 4) + -7) - 2).
1
What is the value of (-10 - (1 - 13)) + -12 - 9?
-19
What is the value of 2 - -20 - (-56 + 70)?
8
12 - (-72 + 49 - (-12 + 2))
25
What is the value of (31 - 42) + (5 + (38 - 3) - -5)?
34
Calculate 31 + (3 - (3 - -1)) + (458 - 454).
34
What is -13 - (3 - 26) - -11?
21
Calculate 2 + (1 - 0 - (10 - 15)) + -4.
4
Evaluate (-18 + 24 - (15 - 1)) + 5.
-3
Calculate 13 - 0 - (-5 - 3 - (-7 - 5)).
9
-8 - ((5 - (2 + 2 - 0)) + 1)
-10
What is (0 + 5 + -11 + 7 - 3) + -2?
-4
What is (-15 - 4) + -29 - -4 - -14?
-30
Evaluate 14 - 18 - (8 - 2) - -3.
-7
What is -1 + 6 + -13 - (3 - 1) - -3?
-7
Calculate (7 - 1) + 245 + -252.
-1
Calculate -2 - (1 + -5) - 13 - (-12 - -9).
-8
16 + 0 - (23 - (32 - 0))
25
Calculate 7 + 0 - (-4 + (9 - (-4 + 9))).
7
What is the value of -19 + 11 + 8 - 11?
-11
What is the value of 1 + 8 + 15 + -14 - 13?
-3
Evaluate -10 - (-11 + 3 - 16).
14
What is -24 + 19 + 9 - 15?
-11
-9 + (-25 - -31) + -4 + 10
3
Calculate -20 + (-10 + -14 - -51).
7
Evaluate -7 + ((4 - 1) + 2 + -7 - -18).
9
What is the value of (3 - -13) + 0 + -32?
-16
-4 + -1 - (68 - 76) - (0 + 7)
-4
What is (4 + -5 - (-4 + 2)) + (35 - 33)?
3
What is 34 + 33 - 30 - 55?
-18
Evaluate -88 - -92 - (0 - (1 - 10)).
-5
What is the value of 0 - ((-3 - -1) + 31 + -35)?
6
What is -22 + 4 + (-3 - -6) + (12 - 11)?
-14
(31 - 9) + (-10 - (-8 - 1 - -8))
13
Calculate 10 + -2 + (18 - 7) - (9 + -1).
11
What is -18 + (8 + -1 - -1 - (-879 + 891))?
-22
What is the value of 13 - (-4 + (-1 + 2 - -8 - 4))?
12
What is the value of (3 - -1) + -1 + 33 - 11?
25
-1 + 0 + (5 - -6)
10
What is the value of -4 + 2 + 12 + (4 - 10) - 7?
-3
What is the value of -35 + 10 + 0 + -63 + 57 + -1?
-32
(-1 - 9) + -3 - -6 - (5 + 1)
-13
What is 12 - (6 - (7 - (15 + -7))) - 12?
-7
What is -7 - (30 + -34 + (-4 - -1))?
0
23 + (-62 - (-7 - 1)) + (0 - -1)
-30
(3 - 0) + 0 - (-52 - -48) - 12
-5
Evaluate 41 + -19 + 5 + -16.
11
What is -11 - ((3 - -13) + -39)?
12
What is the value of 2 - (-15 - (4 - 24))?
-3
Evaluate (2 - 26) + 249 + -205.
20
Evaluate -17 - (1 + 6 + -14).
-10
-3 + 0 - (-24 - -49 - 54)
26
Evaluate (-164 - -166) + (13 - (1 + 1)).
13
(-3 - 10) + -38 + 61
10
28 - (17 + -2 + 0)
13
Evaluate (33 - -30 - 56) + (1 - -11).
19
Evaluate 9 - 8 - 1 - 1.
-1
-6 - (85 - 106 - (-6 + 0))
9
What is (-6 - -3) + -22 + 26?
1
Evaluate -10 + (15 - 12 - -17).
10
What is the value of -5 + 12 + (3 - 1) - 5?
4
What is -8 + 3 + -3 - (2 - (12 + -9))?
-7
-2 - -30 - (641 + -614)
1
What is -8 + -2 + 28 + (-2 - -2 - 9)?
9
Calculate 4 + -18 + 12 + (0 + 11 - -1).
10
Calculate (4 - -23) + -36 - (0 - 15).
6
Calculate 1 + -7 + (-1 - -6).
-1
3 + 1 - (86 - (53 + 23))
-6
-31 + (2 - -21) + 1
-7
-927 - -922 - (12 - 0 - 1)
-16
What is 6 + -22 + -1 + (-82 - -70)?
-29
What is the value of (25 - (69 + -18)) + 36?
10
What is the value of 7 + -1 - (-10 - -16 - 13)?
13
Evaluate 0 - 10 - (-5 + (-17 - (19 - 34))).
-3
What is -19 - (-20 - -12) - (-2 - 7)?
-2
What is 17 + -14 + (-3 - 1 - -3) + 1?
3
Calculate -617 + 575 - (-1 + -27).
-14
Calculate (24 - 12) + -2 + 12 + -2.
20
Calculate 9 - (-41 + 21 - -6).
23
What is -1 + (12 - 9 - 9) + 6 - -28?
27
-4 - ((2 - 21) + (0 - (11 - 17)))
9
What is -7 - (-12 + (12 - 4))?
-3
What is 5 - (4 - (4 + -1))?
4
Calculate 15 + -42 + 37 + -6 + (0 - -3).
7
Calculate -1 - -9 - (0 - 9 - (-34 + 37)).
20
Evaluate -19 + 1 + 59 + -20.
21
Calculate 52 + -21 + (-29 - -21).
23
Calculate (-53 - -32 - -24) + -10.
-7
What is 8 + -7 + (-8 + 11 + -7 - 7)?
-10
Evaluate -2 - (-9 + -6 - (1 + -2 - 6)).
6
0 + (4 - -6) + (-106 - -94) - -16
14
Calculate 4 - (3 - -8) - -1 - (187 + -192).
-1
Calculate (8 - (-1 + 2 + 1)) + -11 + 14.
9
What is the value of -1 + 29 + ((-19 - -15) + -2 - 0)?
22
What is the value of 27 + (20 + -8 - 23)?
16
What is (-59 - -58) + -5 + -1?
-7
What is 1 + (5 - (-6 + 7 - 2))?
7
What is the value of -1 + 1 + (-3 - -4) + 1 + -10?
-8
-1 - 4 - 2 - (-19 - -8)
4
Calculate -12 + 29 + (3 - 25).
-5
Evaluate -15 + 45 + -33 + (2 - 2).
-3
What is the value of -1 + 1 + 4 + 2 + 8 + -8?
6
What is the value of 5 - (3 - -8) - (15 - 16)?
-5
Evaluate -3 - -7 - ((-13 - -6 - -25) + -3).
-11
(12 - -8) + -2 + (-3 - -4) + -5
14
What is the value of 9 + (-4 - -21) - (-16 - -28)?
14
2 + (5 - -8 - 8) - 12
-5
Calculate (20 + -9 - 4) + (-5 - (0 - -13)).
-11
What is 2 + 3 + (-22 - (-2 + -15 + 12))?
-12
What is (9 - (5 + -8 + 6)) + 0 + -11?
-5
6 + -2 + 5 - (20 + -12)
1
What is 29 - (-16 - -72) - 9?
-36
What is -2 + 0 + 3 + -2 + (-7 - -11)?
3
What is the value of (-33 + 25 - (-1 - 4 - 1)) + 3?
1
What is the value of -11 + (-3 + -3 - -7) - (3 + 0)?
-13
Evaluate -1 + -3 - (-3 + 0 + 30 + -31).
0
What is 9 + -7 + (14 - 2) - 32?
-18
-3 + -17 + 1 - -13
-6
2 - ((-11 - -29) + -17)
1
What is 6 - (1 + -11 + 2) - 5?
9
Evaluate 37 - 26 - (33 + -5 + 6).
-23
What is 1 + 13 + -53 + 37?
-2
Evaluate 139 - 87 - (8 + 10).
34
Calculate (-7 + 22 - 36 - -7) + (-7 - -1).
-20
7 - (-3 + (13 - (1 - -2))) - 6
-6
Calculate 18 + -3 +